 5*y**2 - 130*y - 751. What is q(-6)?
-7
Let b(s) = s**3 - 50*s**2 + 101*s - 224. Determine b(48).
16
Let g(i) = 454*i - 1357. Calculate g(3).
5
Let p(w) = -w + 6. Give p(12).
-6
Let g(z) = 3*z**3 - 58*z**2 - 41*z - 111. Calculate g(20).
-131
Let s(z) = 2*z**3 - 66*z**2 - 58*z - 100. Determine s(34).
240
Let h(m) = 246*m + 62480. Give h(-254).
-4
Let g(w) = -w**2 + 5*w + 4. Determine g(-7).
-80
Let z(u) = -140*u - 728. Determine z(-5).
-28
Let a(d) = d**3 + 3*d**2 - 754*d - 4. What is a(26)?
-4
Let x(m) = -11*m**3 - 84*m**2 + 9*m - 6. What is x(-8)?
178
Let r(p) = p**3 - p**2 - 2*p + 24. Give r(-5).
-116
Let b(s) = -4*s**3 + 215*s**2 + 921*s - 7. Give b(-4).
5
Let p(w) = -42*w - 184. What is p(-10)?
236
Let i(a) = a**3 - 9*a**2 + 11*a - 41. Determine i(8).
-17
Let w(b) = 2*b**3 - 4*b - 351. What is w(0)?
-351
Let p(l) = 404*l - 48473. What is p(120)?
7
Let f(q) = -q**3 - 68*q**2 - 963*q - 175. Determine f(-48).
-31
Let b(g) = -2*g**2 + 5*g - 114. Determine b(0).
-114
Let t(c) = 2*c**2 - 17*c + 4. What is t(13)?
121
Let t(n) = -7*n - 273. Give t(-39).
0
Let c(a) = -a**3 - 62*a**2 - 256*a - 1393. What is c(-58)?
-1
Let o(t) = -2*t**3 - 6*t**2 + 3*t - 1. Determine o(2).
-35
Let x(u) = -1455*u + 7275. What is x(5)?
0
Let p(g) = 16*g**2 + 148*g - 840. Give p(4).
8
Let o(d) = 4*d**2 - 92*d - 3. What is o(23)?
-3
Let v(r) = -109*r + 949. Give v(9).
-32
Let i(t) = -121*t + 229. What is i(2)?
-13
Let r(k) = 4*k**3 - 2*k**2 + 43*k + 6. Determine r(0).
6
Let n(f) = f**3 + 89*f**2 + 265*f + 600. What is n(-86)?
-2
Let k(f) = 4*f - 33. Give k(6).
-9
Let l(j) = j**3 - 470*j**2 + 4153*j - 1853. Give l(461).
-9
Let b(h) = -4*h**2 + 30*h + 131. Give b(-4).
-53
Let h(v) = 74*v**3 + 3*v**2 + 8*v - 12. Give h(2).
608
Let h(y) = -y**3 + y**2 + 33*y - 8. What is h(6)?
10
Let k(d) = -349*d + 4104. Calculate k(12).
-84
Let s(b) = 2*b**2 - 43*b - 19. Determine s(23).
50
Let b(h) = h**3 - 52*h**2 - 170*h + 249. Give b(55).
-26
Let j(w) = -w**2 - 100*w - 1979. Calculate j(-72).
37
Let q(s) = -s**3 + 69*s**2 - 261*s + 66. What is q(65)?
1
Let p(y) = -y**2 - 117*y + 866. Give p(7).
-2
Let c(w) = w**3 - 7*w**2 - 2*w - 39. Determine c(8).
9
Let x(f) = -f**3 + 6*f**2 + 29*f - 148. Give x(7).
6
Let p(h) = h**3 - 5*h**2 - 5*h - 43. Calculate p(7).
20
Let d(z) = -19*z - 189. Calculate d(-13).
58
Let w(b) = -472*b + 17936. Calculate w(38).
0
Let r(w) = -w**2 + 122*w - 3136. Determine r(36).
-40
Let v(q) = 28*q**2 + 158*q - 1. Determine v(1).
185
Let y(j) = -j**2 + 36*j + 29. What is y(38)?
-47
Let i(q) = q**3 + 4*q**2 - 45*q + 14. What is i(-9)?
14
Let p(z) = -21*z**2 + 59*z - 1. Calculate p(4).
-101
Let k(x) = 13*x**2 + 25*x - 56. What is k(-5)?
144
Let c(y) = -y**2 - 41*y - 350. Determine c(-30).
-20
Let v(f) = f**3 + 3*f**2 + 28*f - 115. Determine v(3).
23
Let o(q) = q**2 + 60*q + 812. Determine o(-26).
-72
Let c(t) = 113*t - 1023. Give c(9).
-6
Let f(p) = 16*p + 423. Calculate f(-36).
-153
Let t(i) = i**2 + 95*i - 3443. Give t(28).
1
Let p(y) = -y**3 - 36*y**2 + 130*y - 43. What is p(-39)?
-550
Let k(s) = -5*s + 24. Give k(4).
4
Let c(v) = 352*v + 6100. Give c(-17).
116
Let x(z) = 6*z**2 - 56*z - 742. Calculate x(-8).
90
Let j(y) = y**3 + 9*y**2 + 375*y + 2137. Calculate j(-6).
-5
Let a(h) = 287*h + 10601. Calculate a(-37).
-18
Let u(l) = 20*l + 1747. Give u(-88).
-13
Let x(s) = -s**2 + 73*s - 1205. Calculate x(34).
121
Let d(l) = -52*l**2 - 6*l + 7. What is d(2)?
-213
Let z(i) = 735*i**2 + 9*i - 1. Give z(1).
743
Let t(d) = 2*d**2 - 133*d - 100. What is t(66)?
-166
Let q(b) = 2*b**3 - 178*b**2 + 181*b - 384. What is q(88)?
56
Let q(o) = 339*o + 30186. Calculate q(-89).
15
Let q(v) = 38*v - 400. Calculate q(28).
664
Let g(x) = x**3 + 329*x**2 - 962*x + 11282. What is g(-332)?
-6
Let i(p) = 33*p + 206. Calculate i(-10).
-124
Let f(o) = -329*o + 14094. What is f(43)?
-53
Let f(y) = -44*y - 191. What is f(-5)?
29
Let b(a) = -500*a - 39498. Calculate b(-79).
2
Let t(k) = 5*k**2 + 127*k - 36. Calculate t(-26).
42
Let i(x) = 213*x - 2214. Give i(11).
129
Let n(x) = -1605*x + 1608. Calculate n(1).
3
Let c(p) = 2*p**3 - 49*p**2 - 29*p + 93. Calculate c(25).
-7
Let s(r) = -94*r + 18. Give s(-1).
112
Let d(g) = -425*g - 77. Give d(0).
-77
Let y(a) = -a**2 - 68*a - 880. What is y(-14)?
-124
Let v(q) = 2*q**3 - 10*q**2 + 2*q - 12. Give v(5).
-2
Let s(p) = 37*p - 880. Determine s(22).
-66
Let l(z) = 167*z + 148. Give l(-1).
-19
Let m(g) = 3*g**2 + 71*g - 1936. Calculate m(-40).
24
Let g(q) = -q**3 - 11*q**2 - 6*q - 152. What is g(-9)?
-260
Let d(l) = l**2 + 15*l + 48. What is d(-10)?
-2
Let i(f) = f**3 + 13*f**2 - 26*f + 1. What is i(-15)?
-59
Let p(j) = -30*j + 40. What is p(1)?
10
Let a(x) = -2*x**3 + 18*x**2 + 33*x - 3. What is a(-2)?
19
Let d(h) = 10*h**2 + 53*h + 3. What is d(-5)?
-12
Let i(p) = -2*p**2 - 30*p - 58. Give i(-2).
-6
Let a(v) = 280*v + 4. Calculate a(0).
4
Let m(h) = -2*h**3 - 15*h**2 - 18*h - 83. What is m(-7)?
-6
Let w(r) = -3*r**2 + 15*r + 75. Calculate w(-6).
-123
Let o(k) = -924*k + 4599. Determine o(5).
-21
Let o(d) = -3*d**3 - 5*d + 2. Calculate o(2).
-32
Let k(n) = 2*n**3 - 61*n**2 + 152*n - 3671. Determine k(30).
-11
Let b(h) = -h**2 - 64*h - 1000. What is b(-38)?
-12
Let d(k) = -3013*k + 9037. Determine d(3).
-2
Let v(n) = 190*n - 198. Give v(1).
-8
Let z(p) = 73*p - 10072. What is z(138)?
2
Let o(p) = -p**3 - 4*p**2 + 12*p - 19. What is o(6)?
-307
Let m(u) = 1105*u - 11046. Calculate m(10).
4
Let v(b) = -4*b**2 - 138*b + 500. Give v(-38).
-32
Let l(m) = 2*m**2 + 2*m - 4. What is l(-1)?
-4
Let u(v) = -v**3 + 262*v**2 + 1062*v + 534. What is u(266)?
2
Let f(j) = -2*j**3 - 108*j**2 - 99*j - 187. Determine f(-53).
-558
Let n(p) = 4*p - 453. What is n(114)?
3
Let s(i) = 17*i**2 + 408*i + 11. Determine s(0).
11
Let m(u) = u**2 - 41*u + 156. Determine m(5).
-24
Let p(t) = -1435*t + 10029. Give p(7).
-16
Let d(y) = -91*y**2 + 22*y - 24. What is d(1)?
-93
Let f(b) = -140*b + 922. Determine f(7).
-58
Let w(f) = f**3 + f**2 - 44*f - 8. Determine w(0).
-8
Let k(l) = -l**2 + 19*l - 100. Give k(12).
-16
Let p(z) = -z**2 + 17*z - 55. Give p(22).
-165
Let j(i) = -i**2 - 53*i + 1374. Calculate j(-72).
6
Let h(l) = -l**3 + 60*l**2 + 257*l - 127. Determine h(64).
-63
Let r(j) = -40*j**2 - 10*j + 2. Determine r(-1).
-28
Let r(i) = 27*i**2 + 20*i + 9. Give r(-1).
16
Let o(b) = 2*b**3 + 152*b**2 - 153*b - 11. What is o(-77)?
-88
Let x(l) = -l**3 + 31*l**2 + 212*l + 12. Calculate x(-6).
72
Let r(g) = 2*g**2 + 197*g + 4467. What is r(-63)?
-6
Let q(h) = -9*h + 748. Calculate q(86).
-26
Let d(h) = -33*h - 968. Determine d(-31).
55
Let x(m) = m**2 - 48*m + 200. Determine x(44).
24
Let d(w) = -w**3 - 59*w**2 - 600*w - 19. Determine d(-13).
7
Let a(d) = d**3 - 78*d**2 + 679*d - 44. Calculate a(68).
-112
Let u(k) = -103*k - 3702. What is u(-36)?
6
Let u(n) = -22*n - 381. Calculate u(-14).
-73
Let i(t) = t**2 + t + 14. Determine i(3).
26
Let r(n) = -18*n + 66. What is r(3)?
12
Let u(l) = 35*l - 1284. Give u(37).
11
Let v(i) = 11*i**2 + 185*i + 592. Give v(-13).
46
Let m(h) = -h**3 + 9*h**2 + 9*h + 8. Calculate m(10).
-2
Let b(p) = 9*p**2 + 40*p. Calculate b(-8).
256
Let s(d) = -6*d**3 + d**2 - d. Give s(3).
-156
Let l(f) = -127*f**3 - 3*f**2 - 3*f - 1. What is l(-1)?
126
Let g(k) = -63*k**2 - 1453*k - 88. What is g(-23)?
4
Let w(z) = z**3 + 12*z**2 + 28*z + 31. Calculate w(-7).
80
Let g(c) = -3*c**3 + 13*c**2 - 17*c + 42. What is g(4)?
-10
Let k(s) = 11*s + 885. Give k(-11).
764
Let b(p) = -39*p - 1486. What is b(-39)?
35
Let u(w) = -3670*w - 33018. Give u(-9).
12
Let p(l) = -3*l**3 + 8*l**2 + 40*l - 32. Calculate p(7).
-389
Let c(o) = -o**3 - 101*o**2 + 852*o - 2198. What is c(-109)?
-18
Let z(o) = 265*o - 559. What is z(2)?
-29
Let p(i) = -677*i - 12842. What is p(-19)?
21
Let l(q) = 80*q + 1677. What is l(-21)?
-3
Let v(n) = -6*n**3 + 16*n**2 - 13*n + 42. What is v(3)?
-15
Let x(d) = 375*d + 7874. Give x(-21).
-1
Let z(h) = -50*h + 1775. Calculate z(29).
325
Let v(u) = 3*u**2 - 335*u + 2780. Give v(9).
8
Let y(c) = 5*c**2 - 254*c + 448. Give y(49).
7
Let h(q) = -q**3 - 2*q**2 + 12*q + 4. Give h(3).
-5
Let h(s) = 6*s**3 + 234*s**2 - s - 2. What is h(-39)?
37
Let b(r) = r**3 + 9*r**2 + 8*r + 87. Determine b(-9).
15
Let l(x) = 1137*x + 9110. What is l(-8)?
14
Let i(j) = 14*j**3 - 4*